619, 683
List the prime factors of 416117.
13, 32009
List the prime factors of 489558.
2, 3, 139, 587
What are the prime factors of 292498?
2, 146249
What are the prime factors of 4991044?
2, 1247761
What are the prime factors of 116636?
2, 13, 2243
What are the prime factors of 924963?
3, 13, 37, 641
What are the prime factors of 3767632?
2, 11, 21407
List the prime factors of 6515655.
3, 5, 434377
List the prime factors of 183660.
2, 3, 5, 3061
What are the prime factors of 53758?
2, 26879
What are the prime factors of 14503234?
2, 7251617
List the prime factors of 10035677.
2027, 4951
What are the prime factors of 42082?
2, 53, 397
List the prime factors of 322284.
2, 3, 107, 251
What are the prime factors of 1125274?
2, 47, 11971
What are the prime factors of 26185?
5, 5237
What are the prime factors of 1020592?
2, 227, 281
What are the prime factors of 15707687?
883, 17789
What are the prime factors of 4413639?
3, 1471213
What are the prime factors of 280680?
2, 3, 5, 2339
What are the prime factors of 115495?
5, 23099
List the prime factors of 267098.
2, 13, 10273
List the prime factors of 6537.
3, 2179
List the prime factors of 126019.
126019
List the prime factors of 2163369.
3, 13, 17, 251
What are the prime factors of 6249719?
7, 892817
List the prime factors of 1374171.
3, 458057
List the prime factors of 13961849.
11, 131, 9689
List the prime factors of 519299.
11, 17, 2777
What are the prime factors of 873041?
13, 67157
What are the prime factors of 19112096?
2, 597253
What are the prime factors of 4254797?
4254797
What are the prime factors of 3212831?
43, 74717
What are the prime factors of 232122?
2, 3, 11, 3517
List the prime factors of 314859.
3, 104953
List the prime factors of 35664827.
11, 17, 269, 709
List the prime factors of 4395994.
2, 29, 75793
What are the prime factors of 5521127?
23, 240049
List the prime factors of 230340.
2, 3, 5, 11, 349
List the prime factors of 8610054.
2, 3, 1435009
List the prime factors of 8151894.
2, 3, 150961
What are the prime factors of 4026910?
2, 5, 402691
What are the prime factors of 345764?
2, 86441
List the prime factors of 770936.
2, 29, 3323
What are the prime factors of 426792?
2, 3, 17783
List the prime factors of 12361948.
2, 23, 134369
List the prime factors of 674599.
61, 11059
List the prime factors of 1142061.
3, 199, 1913
List the prime factors of 13307778.
2, 3, 11, 67211
List the prime factors of 22084851.
3, 7361617
List the prime factors of 209394.
2, 3, 11633
What are the prime factors of 6267543?
3, 17, 7229
What are the prime factors of 358105?
5, 11, 17, 383
List the prime factors of 18658549.
7, 13, 379, 541
List the prime factors of 26195422.
2, 11, 1190701
What are the prime factors of 17644861?
13, 17, 79841
What are the prime factors of 495618?
2, 3, 17, 43, 113
List the prime factors of 1088445.
3, 5, 149, 487
What are the prime factors of 6519433?
71, 91823
List the prime factors of 244156.
2, 11, 31, 179
What are the prime factors of 2009106?
2, 3, 11, 73, 139
List the prime factors of 2747908.
2, 686977
List the prime factors of 1469940.
2, 3, 5, 24499
List the prime factors of 1004188.
2, 19, 73, 181
List the prime factors of 5923060.
2, 5, 11, 13, 19, 109
List the prime factors of 169719.
3, 11, 37, 139
List the prime factors of 1594832.
2, 263, 379
List the prime factors of 1316147.
7, 188021
List the prime factors of 21031483.
11, 41, 46633
List the prime factors of 630663.
3, 11, 29, 659
List the prime factors of 375595.
5, 11, 6829
List the prime factors of 96595.
5, 19319
List the prime factors of 1391671.
17, 71, 1153
List the prime factors of 3600173.
3600173
What are the prime factors of 273413?
7, 139, 281
What are the prime factors of 665133?
3, 7, 19, 1667
What are the prime factors of 11181511?
11, 37, 83, 331
What are the prime factors of 65420?
2, 5, 3271
List the prime factors of 295768.
2, 11, 3361
List the prime factors of 1149679.
1149679
What are the prime factors of 124837?
31, 4027
List the prime factors of 1021991.
19, 149
List the prime factors of 1635198.
2, 3, 272533
What are the prime factors of 160302?
2, 3, 26717
List the prime factors of 2119336.
2, 19, 73, 191
List the prime factors of 1256198.
2, 17, 36947
List the prime factors of 7796853.
3, 29, 29873
List the prime factors of 228248.
2, 103, 277
List the prime factors of 18610078.
2, 89, 104551
What are the prime factors of 145625?
5, 233
List the prime factors of 484010.
2, 5, 29, 1669
What are the prime factors of 2579967?
3, 13, 22051
List the prime factors of 586970.
2, 5, 79, 743
List the prime factors of 1806344.
2, 43, 59, 89
List the prime factors of 87827.
71, 1237
List the prime factors of 11048331.
3, 7, 73, 7207
What are the prime factors of 23851644?
2, 3, 23, 89, 971
What are the prime factors of 335319?
3, 111773
What are the prime factors of 173889?
3, 139
List the prime factors of 1340404.
2, 13, 149, 173
What are the prime factors of 119591?
119591
What are the prime factors of 3616126?
2, 29, 62347
List the prime factors of 27759860.
2, 5, 311, 4463
What are the prime factors of 13306509?
3, 41, 36061
List the prime factors of 90744.
2, 3, 19, 199
List the prime factors of 8720050.
2, 5, 19, 67, 137
List the prime factors of 6558423.
3, 2186141
What are the prime factors of 6801220?
2, 5, 340061
What are the prime factors of 81332?
2, 20333
List the prime factors of 11288222.
2, 11, 513101
List the prime factors of 13895951.
13895951
What are the prime factors of 24562438?
2, 1181, 10399
What are the prime factors of 253084?
2, 13, 31, 157
What are the prime factors of 119868?
2, 3, 7, 1427
What are the prime factors of 3529529?
109, 32381
List the prime factors of 282307.
282307
What are the prime factors of 176578?
2, 88289
What are the prime factors of 789247?
37, 83, 257
List the prime factors of 545872.
2, 109, 313
What are the prime factors of 393338?
2, 11, 19, 941
What are the prime factors of 611960?
2, 5, 15299
List the prime factors of 301340.
2, 5, 13, 19, 61
What are the prime factors of 870405?
3, 5, 58027
List the prime factors of 6175910.
2, 5, 13, 47507
What are the prime factors of 98156?
2, 53, 463
List the prime factors of 954898.
2, 7, 68207
What are the prime factors of 5416256?
2, 84629
List the prime factors of 12869396.
2, 829, 3881
List the prime factors of 404619.
3, 134873
What are the prime factors of 1405648?
2, 87853
What are the prime factors of 854864?
2, 23, 101
What are the prime factors of 9177621?
3, 23, 5783
What are the prime factors of 195412?
2, 7, 997
What are the prime factors of 21950000?
2, 5, 439
What are the prime factors of 21645099?
3, 7, 31, 11083
List the prime factors of 6538573.
6538573
What are the prime factors of 155911?
7, 22273
What are the prime factors of 730817?
53, 13789
List the prime factors of 15894208.
2, 11, 107, 211
What are the prime factors of 1048489?
13, 59, 1367
What are the prime factors of 54889?
131, 419
What are the prime factors of 2283910?
2, 5, 353, 647
What are the prime factors of 25540765?
5, 5108153
What are the prime factors of 344106?
2, 3, 7, 2731
What are the prime factors of 111045?
3, 5, 11, 673
List the prime factors of 2467228.
2, 31, 101, 197
What are the prime factors of 968529?
3, 47, 6869
List the prime factors of 263040.
2, 3, 5, 137
List the prime factors of 2613615.
3, 5, 174241
List the prime factors of 381055.
5, 17, 4483
What are the prime factors of 1242269?
7, 177467
List the prime factors of 328246.
2, 41, 4003
List the prime factors of 995398.
2, 41, 61, 199
List the prime factors of 372612.
2, 3, 31051
List the prime factors of 81256.
2, 7, 1451
What are the prime factors of 1387402?
2, 693701
List the prime factors of 604063.
604063
List the prime factors of 435392.
2, 6803
What are the prime factors of 855279?
3, 10559
List the prime factors of 249800.
2, 5, 1249
What are the prime factors of 793167?
3, 419, 631
List the prime factors of 698964.
2, 3, 7, 53, 157
List the prime factors of 1317829.
37, 35617
List the prime factors of 398443.
31, 12853
List the prime factors of 445273.
59, 7547
List the prime factors of 1577118.
2, 3, 262853
What are the prime factors of 269519?
269519
List the prime factors of 804254.
2, 11, 139, 263
List t